{"id":763,"date":"2020-07-17T10:08:08","date_gmt":"2020-07-17T13:08:08","guid":{"rendered":"https:\/\/escuelateodelina.educativa.org\/sitio\/?page_id=763"},"modified":"2020-08-18T13:42:22","modified_gmt":"2020-08-18T16:42:22","slug":"aporte-economico","status":"publish","type":"page","link":"https:\/\/escuelateodelina.educativa.org\/sitio\/aporte-economico\/","title":{"rendered":"Empresas"},"content":{"rendered":"<p>Pod\u00e9s colaborar con el Centro Educativo San Dami\u00e1n involucrando a tu empresa en un compromiso concreto con la sociedad.<\/p>\n<p>Hay distintas formas de participar:<\/p>\n<ol>\n<li><strong> Voluntariado:<\/strong>Particip\u00e1 organizando alguna actividad solidaria para los ni\u00f1os, adolescentes y familias: Festejos del d\u00eda del ni\u00f1o, celebraci\u00f3n de los cumplea\u00f1os del mes, talleres de formaci\u00f3n, etc. Escribinos a: <a href=\"mailto:acjuanmaria@gmail.com\">acjuanmaria@gmail.com\u00a0<\/a><\/li>\n<li><strong>Padrinazgo: <\/strong>Ayudanos a enriquecer la propuesta del Centro Educativo San Dami\u00e1n apadrinando un taller de capacitaci\u00f3n laboral. Escribinos a: <a href=\"mailto:acjuanmaria@gmail.com\">acjuanmaria@gmail.com<\/a><\/li>\n<li><strong> Pasant\u00edas laborales: <\/strong>Ofrec\u00e9 la posibilidad de que un joven conozca tu empresa y desarrolle un proceso de inclusi\u00f3n laboral por un periodo de dos a tres meses. Escribinos a: <a href=\"mailto:acjuanmaria@gmail.com\">acjuanmaria@gmail.com<\/a><\/li>\n<li><strong>Apoyo Econ\u00f3mico.<\/strong>Tu aporte mensual es clave para seguir ofreciendo mejores alternativas de educaci\u00f3n a los ni\u00f1os, adolescentes que atiende la Asoc. Civil Juan Mar\u00eda.<\/li>\n<\/ol>\n<h2>Para asociar tu Empresa, hac\u00e9 click en el link debajo<\/h2>\n<h2><strong><a href=\"https:\/\/docs.google.com\/forms\/d\/e\/1FAIpQLSeOU_CUsLCbiuhUiR9XDTv_SZ0W99NDyca3tAE5IRigd5YFkg\/viewform?vc=0&amp;c=0&amp;w=1&amp;usp=mail_form_link\">Link: Formulario de adhesi\u00f3n<\/a><\/strong><\/h2>\n<p><strong>Donaciones:\u00a0<\/strong><\/p>\n<p><strong>Transferencia Bancaria:<\/strong><\/p>\n<p><strong>Raz\u00f3n Social: Asociaci\u00f3n Civil con Personer\u00eda Jur\u00eddica Juan Mar\u00eda.<\/strong><\/p>\n<p><strong>CUIT 33-71622223-9<\/strong><\/p>\n<p><strong>Banco Macro Sucursal 343 &#8211; Villa Gobernador G\u00e1lvez.<\/strong><\/p>\n<p><strong>Cuenta Corriente N\u00ba 3-343-0941774891-2<\/strong><\/p>\n<p><strong>CBU: 2850343930094177489121<\/strong><\/p>\n<h2><\/h2>\n<p>Cuota Social mensual\u00a0 \u00a0 \u00a0 \u00a0 \u00a0 \u00a0$500.00.-<\/p>\n<p>Cuota Social anual\u00a0 \u00a0 \u00a0 \u00a0 \u00a0 \u00a0 \u00a0 \u00a0$6000.00.-<\/p>\n<p>\u00abTambi\u00e9n podes realizar tu aporte por \u00fanica vez\u00bb.<\/p>\n<p>Todos los valores son expresados en Pesos Argentinos (ARS $).<\/p>\n<p>Por favor, no te olvides de notificarnos de tu transferencia a:\u00a0<a href=\"mailto:acjuanmaria@gmail.com\">acjuanmaria@gmail.com<\/a><\/p>\n<p>&nbsp;<\/p>\n<p>&nbsp;<\/p>\n<p>&nbsp;<\/p>\n","protected":false},"excerpt":{"rendered":"<p>Pod\u00e9s colaborar con el Centro Educativo San Dami\u00e1n involucrando a tu empresa en un compromiso concreto con la sociedad. Hay distintas formas de participar: Voluntariado:Particip\u00e1 organizando alguna actividad solidaria para los ni\u00f1os, adolescentes y familias: Festejos del d\u00eda del ni\u00f1o, celebraci\u00f3n de los cumplea\u00f1os del mes, talleres de formaci\u00f3n, etc. Escribinos a: acjuanmaria@gmail.com\u00a0 Padrinazgo: Ayudanos &#8230; <a title=\"Empresas\" class=\"read-more\" href=\"https:\/\/escuelateodelina.educativa.org\/sitio\/aporte-economico\/\" aria-label=\"More on Empresas\">[+]<\/a><\/p>\n","protected":false},"author":45,"featured_media":0,"parent":0,"menu_order":0,"comment_status":"closed","ping_status":"closed","template":"","meta":[],"acf":[],"_links":{"self":[{"href":"https:\/\/escuelateodelina.educativa.org\/sitio\/wp-json\/wp\/v2\/pages\/763"}],"collection":[{"href":"https:\/\/escuelateodelina.educativa.org\/sitio\/wp-json\/wp\/v2\/pages"}],"about":[{"href":"https:\/\/escuelateodelina.educativa.org\/sitio\/wp-json\/wp\/v2\/types\/page"}],"author":[{"embeddable":true,"href":"https:\/\/escuelateodelina.educativa.org\/sitio\/wp-json\/wp\/v2\/users\/45"}],"replies":[{"embeddable":true,"href":"https:\/\/escuelateodelina.educativa.org\/sitio\/wp-json\/wp\/v2\/comments?post=763"}],"version-history":[{"count":12,"href":"https:\/\/escuelateodelina.educativa.org\/sitio\/wp-json\/wp\/v2\/pages\/763\/revisions"}],"predecessor-version":[{"id":943,"href":"https:\/\/escuelateodelina.educativa.org\/sitio\/wp-json\/wp\/v2\/pages\/763\/revisions\/943"}],"wp:attachment":[{"href":"https:\/\/escuelateodelina.educativa.org\/sitio\/wp-json\/wp\/v2\/media?parent=763"}],"curies":[{"name":"wp","href":"https:\/\/api.w.org\/{rel}","templated":true}]}}